et x = o + 3. Suppose x = -4*k - u + 101, 5*u + 76 = 4*k - 43. Calculate the highest common factor of k and 65.
13
Let y be 8/28 - (-68)/7. Suppose 0 = x - 0*x - y. Calculate the greatest common factor of 70 and x.
10
Let a(n) = 17*n - 75. Let d be a(5). What is the greatest common divisor of d and 4?
2
Let c be -4*(2/(-8) + -2). Let m be -4*((-17)/4 + 0). Let u = m - c. Calculate the greatest common factor of u and 2.
2
Let y(u) = -u**2 - 18*u - 13. Let s be y(-17). What is the highest common factor of 4 and s?
4
Let z = 14 - 10. Let i = 8 + z. Calculate the highest common divisor of 96 and i.
12
Suppose r = 4*r - 255. Calculate the greatest common factor of r and 17.
17
Let k(g) = g**3 + 9*g**2 - 11*g - 4. Let s be k(-10). Calculate the greatest common divisor of s and 30.
6
Let i be (18 - 4)/(1/2). Calculate the greatest common divisor of i and 70.
14
Let s(i) = 9*i**2 + 6*i + 1. Let u be s(-5). What is the highest common factor of 28 and u?
28
Let o = 1053 - 556. Let w = -277 + o. What is the highest common divisor of 20 and w?
20
Let x be 4/(-10) - (-1394)/85. What is the highest common factor of x and 144?
16
Suppose -47 = -5*q - l, 3*q + 4*l = 5*q - 32. Let z = 2 + 47. Suppose 3*b - z - 67 = p, 4*b - 2*p - 152 = 0. Calculate the highest common factor of q and b.
10
Suppose 42 + 23 = r. Let a = 39 - 13. What is the highest common divisor of r and a?
13
Let b be (-3)/(-6)*(0 + 180). Suppose 4*w + 42 = 2*n, 5*n - b = w + 4*w. What is the greatest common divisor of 3 and n?
3
Let c be 67/1 - (4 + -2). Suppose 3*w = 5*w. Suppose w = v - 45 - c. Calculate the greatest common divisor of v and 10.
10
Suppose -4*d = d - 10, -3*n - 2*d = -22. Let x(i) = i + 24. Let m be x(0). What is the highest common divisor of m and n?
6
Suppose a + 2*a = 297. Let k be 0 - -1 - (-16 - -6). Calculate the highest common divisor of k and a.
11
Let t = 39 + -30. Calculate the greatest common divisor of 18 and t.
9
Let l(k) = 14*k**2 + 5*k + 4. Let d be l(-4). Calculate the highest common divisor of 16 and d.
16
Suppose -n = -w + 146, -4*w + 7*n - 2*n = -583. Calculate the highest common factor of w and 21.
21
Suppose -3*q + 2*c = 3*c - 46, -32 = -q + 3*c. Calculate the highest common divisor of 119 and q.
17
Suppose z - 3*b - 24 = 0, 2*z - 5*z = -3*b - 96. Let y(o) = -7*o - 2. Let a be y(-2). What is the greatest common factor of a and z?
12
Let r be 6/10 - 185/(-25). Suppose -5*d - 7*g = -2*g - 835, -2*g = r. Calculate the greatest common factor of d and 19.
19
Let l(n) = n**2 + 8*n - 11. Let s be 1/(-1*(-3)/15). Let d be l(s). Calculate the highest common factor of d and 6.
6
Let o = 38 - 18. Suppose 2*y - 5*q - 41 = 0, -3*y - 2*q = -19 + 5. What is the highest common factor of o and y?
4
Suppose 5*v - 148 = 527. Suppose 0 = 3*c + 2*c - 75. Calculate the highest common divisor of v and c.
15
Let c(q) = 9*q**2 + 3*q - 3. Let k be c(2). Suppose 2*w - k = -4*h + h, 5*h = 3*w + 46. Calculate the greatest common divisor of h and 11.
11
Let x be 0*((-2)/(-1) + -3). Suppose x = -5*a + 28 - 3. Suppose -i = a*o - 11, -o = 3*i + o - 98. What is the highest common factor of i and 24?
12
Let i(t) = -7*t**3 + t**2 + t + 1. Let y be i(-2). Let a = y + -38. Suppose 5*s = 200 + 220. What is the highest common factor of s and a?
21
Suppose -3*n - 192 = -4*d, -5*d + 123 = -2*d + 3*n. Let a = 8 - 4. Let s be (-3)/12 + 37/a. What is the greatest common factor of s and d?
9
Suppose -3*l + 4*l - 3 = 0. Suppose d = l*o - 21, 5*d = 2*o - 0 - 14. Calculate the greatest common divisor of o and 49.
7
Let j(z) = 2*z**3 + z**2 - 6*z + 6. Let p be j(3). Calculate the greatest common divisor of 17 and p.
17
Suppose 13 = 2*s + 2*b - 1, -2*s = -3*b - 39. Let g = 127 - 43. Calculate the highest common divisor of s and g.
12
Let a(q) = -q + 2. Let l be a(-3). Suppose -161 = -l*d + 119. Calculate the highest common divisor of d and 14.
14
Suppose 126 = 4*q - 10. Calculate the highest common divisor of q and 306.
34
Let o be (7/3)/((-4)/12). Let b = 1 - o. Calculate the highest common factor of 40 and b.
8
Let k(l) = 85*l**2 - 2*l + 1. Let b(a) = -a**2 + 9*a + 11. Let r be b(10). Let m be k(r). Calculate the greatest common divisor of 12 and m.
12
Let h be ((-3)/4)/((-1)/20). Let b be 9/(0 - 3) + 14. Suppose -9*n = -b*n + 30. Calculate the greatest common divisor of n and h.
15
Suppose -440 = -4*s - 2*c, -196 + 744 = 5*s + 3*c. Calculate the highest common factor of s and 16.
16
Let p = -116 + 170. Suppose -5*f + 26 = -p. Calculate the greatest common factor of 24 and f.
8
Let y = 188 + -55. What is the greatest common factor of 19 and y?
19
Let n(k) = -5*k - 28. Let g be n(-8). Calculate the greatest common divisor of g and 108.
12
Let w(g) = g**3 - 5*g**2 + 2*g**2 - 5*g - 3*g**2 + 10. Let x be ((-8)/12)/(1 + 69/(-63)). Let s be w(x). What is the highest common factor of 12 and s?
12
Let b(w) = -w**3 - 3*w**2 + 3. Let i be 0/7 - (0 + 3). Let o be b(i). Let n be 5*o*1/15. Calculate the highest common divisor of 5 and n.
1
Suppose 3*v + 128 = 2*l, 4*v + 305 + 29 = 5*l. What is the greatest common factor of l and 10?
10
Let u be 176 + 2/(-5) + (-4)/(-10). What is the greatest common divisor of 22 and u?
22
Let n(h) = 10*h**2 + 1. Let u = 0 + 3. Let b be n(u). What is the highest common factor of 13 and b?
13
Let g(f) = f**2 + 7*f - 3. Let t be g(6). Suppose l + 4*y = -4*l + 117, 0 = -4*l + 3*y + t. Calculate the highest common divisor of 3 and l.
3
Let c = 30 - 23. Calculate the greatest common factor of c and 14.
7
Suppose 3*b + 125 = 2*h + 2*b, 5*h = -5*b + 320. Calculate the highest common divisor of h and 7.
7
Let g(c) = c**2 - 8*c - 13. Let m be g(11). What is the greatest common divisor of m and 100?
20
Let z = -4 + 28. Calculate the highest common factor of z and 3.
3
Let p(m) = -m**3 - m**2 - 3*m - 6. Let l be p(-4). What is the greatest common factor of 18 and l?
18
Let s(u) = 8*u + 1. Let x be s(1). Suppose 3*c = 124 + 92. Calculate the greatest common factor of c and x.
9
Let x be -30*(-4)/8 + -3. Suppose 4*j - 2*s - 230 = -j, 3*s - 159 = -3*j. Calculate the highest common factor of x and j.
12
Let q be (88/(-32))/(2/(-8)). Let w = -119 - -207. Calculate the greatest common divisor of q and w.
11
Let r(d) = d + 5. Let o be r(-4). Let z = o - -5. Let w = 16 - 12. What is the highest common factor of w and z?
2
Let m = 1 - 3. Let y be 52/10 - m/(-10). What is the greatest common divisor of y and 2?
1
Let i(o) = -o. Let l = -12 + 7. Let w be i(l). Suppose w*k + 0*k + 20 = 0, v + 2*k - 90 = 0. Calculate the highest common factor of v and 14.
14
Suppose -38 = 4*s + 14. Let z = 20 + s. Calculate the greatest common divisor of z and 42.
7
Suppose 4*m + 69 = -83. Let c be (2/2)/((-2)/m). Let w = -13 + c. What is the greatest common factor of 54 and w?
6
Let i = 67 + 2. Calculate the highest common divisor of 23 and i.
23
Let o be (-27)/6*-1*2. Calculate the greatest common factor of 63 and o.
9
Let w(z) = -21*z - 14. Let m be w(-3). Calculate the highest common divisor of m and 392.
49
Suppose -4*o + 42 = -c, 60 = 5*o - 0*o - 5*c. Let z = 9 + o. Calculate the greatest common divisor of 95 and z.
19
Let q = -91 + 160. Suppose -l + 0*l + 107 = 0. Suppose -q - l = -4*u. What is the highest common factor of 4 and u?
4
Let a = -6 + 10. Let t be (-1)/(-2 + 6/a). Suppose 0 = -t*y - 0 + 54. Calculate the highest common divisor of y and 18.
9
Let r(p) = p**3 - 18*p**2 - 4*p + 2. Let w be r(18). Let y = w + 182. What is the greatest common factor of 16 and y?
16
Suppose 5*c = c - x + 62, 3*x = 3*c - 39. Let m = 25 - c. What is the greatest common factor of 90 and m?
10
Let k(r) = -r**2 - 8*r - 5. Let p be k(-6). Let u be 45/(2/(0 + 14)). Suppose t + u = 6*t. Calculate the greatest common factor of t and p.
7
Let g = -13 + 88. Calculate the greatest common factor of g and 25.
25
Let g = 7 + -6. Calculate the highest common divisor of g and 4.
1
Suppose -2*t - 5*s + 3 = 0, 2*t - 4*s + 5 = t. Let c be ((-3)/t)/((-24)/16). Let m be 3/(1 - c) - -17. What is the greatest common factor of m and 2?
2
Let i(r) = 6*r - 5. Let u(w) = 5 + 11*w - 11 - 4*w. Let y(m) = -4*i(m) + 3*u(m). Let p be y(-8). Calculate the highest common divisor of 65 and p.
13
Suppose -5*h = a - 95, 3*a + 4*h - 241 = -0*h. Let w = 121 + -7